{"id":4277,"date":"2016-02-02T19:31:15","date_gmt":"2016-02-02T19:31:15","guid":{"rendered":"http:\/\/mullerhotel.com\/home\/?page_id=4277"},"modified":"2016-02-02T19:51:36","modified_gmt":"2016-02-02T19:51:36","slug":"museo-historico-de-bella-vista","status":"publish","type":"page","link":"https:\/\/mullerhotel.com\/home\/que-hacer\/museo-historico-de-bella-vista\/","title":{"rendered":"Museo Hist\u00f3rico de Bella Vista"},"content":{"rendered":"<p style=\"text-align: justify;\">El Museo Hist\u00f3rico de Bella Vista se inaugur\u00f3 el 12 de octubre de 1993, en coincidencia con el 75 aniversario de fundaci\u00f3n de la localidad ubicada en el departamento de Itap\u00faa. Ocupa el viejo edificio municipal construido en 1964, en medio de la plaza Gral. Bernardino Caballero, donde hay dos bloques auxiliares m\u00e1s.<\/p>\n<p style=\"text-align: justify;\">Distribuida en tres salas principales y dos bloques auxiliares, una colecci\u00f3n de cerca de 600 objetos recuerda los primeros tiempos de Bella Vista. Son piezas que pertenecieron a los colonos alemanes y europeos pioneros; est\u00e1n sus elementos de trabajo, sus utensilios de cocina y algunos muebles.<\/p>\n<p style=\"text-align: justify;\">Ya en la entrada, recepci\u00f3n de visitantes, se aprecian antiguas fotograf\u00edas que eternizan acciones vividas. Se ve a personas cazando tigres, paseando sobre caballos y en poses sociales. En otro album aparece la casa de Nicol\u00e1s Schneider.<\/p>\n<p style=\"text-align: justify;\">En la primera sala, en pulcro orden, est\u00e1n colocadas las series de radio receptores, vitrolas, l\u00e1mparas del ayer; un proyector del primer cine que se habilit\u00f3 en Bella Vista en el a\u00f1o 1962; un \u00f3rgano y un piano. Una biblia de 1780 escrita en alem\u00e1n es la pieza m\u00e1s admirada por su antig\u00fcedad y elevado significado espiritual. Un atractivo lote de relojes de cuc\u00fa y cuadros de insectos de estudios cient\u00edficos, mariposas, cuelgan en las paredes, donde tambi\u00e9n se puede ver los retratos de Erdmann Fischer y Jos\u00e9 Bohn, alemanes que fundaron la colonia de Bella Vista en el a\u00f1o 1918. Adem\u00e1s, ocupa su lugar el primer televisor que lleg\u00f3 a la localidad: pantalla en blanco y negro y funcionaba a bater\u00eda. No faltan las c\u00e1maras fotogr\u00e1ficas y m\u00e1quinas de coser. En un mueble de \u00e9poca, convertido en vitrina, se guardan los instrumentos m\u00e9dicos utilizados por Rosal\u00eda Storrer, una partera que arrib\u00f3 en 1929 e hizo nacer a 3.000 ni\u00f1os en la zona.<\/p>\n<p style=\"text-align: justify;\">En la segunda sala est\u00e1n acondicionados los utensilios de cocina: una variedad de cafeteras, distintos tipos de calentadores a alcohol y queros\u00e9n, molinillos de caf\u00e9, planchas a carb\u00f3n, cristaler\u00eda, pailas, ollas de hierro, mantequeras y cubiertos. No pasan inadvertidos dos elementos que permiten entender parte de la evoluci\u00f3n tecnol\u00f3gica: una licuadora que funcionaba a manivela y una exprimidora de frutas hecha artesanalmente en madera. Hay, adem\u00e1s, juegos de vajillas y de t\u00e9 de loza pintadas a mano que algunas se\u00f1oras atesoraban porque pertenecieron a sus abuelas.<\/p>\n<p style=\"text-align: justify;\">La tercera sala est\u00e1 ambientada como un dormitorio de 1900. Expone un juego de toilette, una centenaria cama de metal que se trajo del Brasil, cubierta con s\u00e1banas y colchas alemanas bordadas. Tambi\u00e9n una cuna de madera con su colch\u00f3n de chala de ma\u00edz y un art\u00edstico vestido de bautismo de 1920. Y desde sus retratos, Emilie Valz y August Schneider observan a los visitantes.<\/p>\n<p style=\"text-align: justify;\">En una dependencia auxiliar, de arquitectura circular, terminada en 1996, ubica objetos hist\u00f3ricos de mayor tama\u00f1o. Ah\u00ed est\u00e1 la primera moto de marca Puch que vino de Austria en 1920 para los desplazamientos del padre Eduardo Wagner. Bajo su techo tambi\u00e9n se aprecia un sulky que data de 1925 y el primer camioncito que se trajo de Canad\u00e1 y perteneci\u00f3 a Arturo Fischer. Testimonio del gran impulso agr\u00edcola que marc\u00f3 las primeras d\u00e9cadas del siglo XX es el tractor con cubiertas de hierro, Ford Motor Company, modelo 1929 que era del se\u00f1or Pablo Perger.<\/p>\n<p style=\"text-align: justify;\">Los enormes ba\u00fales de los inmigrantes recuerdan la \u00e9poca de los viajes interminables, de cuando dejaron Europa para aventurarse por tierras americanas e instalarse en zona de Itap\u00faa.<\/p>\n<p style=\"text-align: justify;\">Una b\u00e1scula de hierro de origen europeo, una incubadora para pollitos que funcionaba a alcohol y una batea de madera de una sola pieza de 1949 son elementos que atestiguan la gran laboriosidad de la gente que se afinc\u00f3 en Bella Vista. Machetes, palas, azadas, sierras y la sembradora mec\u00e1nica de ma\u00edz y granos que Rumilda Shutz utilizaba en los a\u00f1os 30, indican que hombres y mujeres por igual unieron fuerzas para desarrollar la comunidad. Y los grandes botellones y damajuanas de vino revelan que la producci\u00f3n hecha en casas particulares serv\u00eda para no privarse de la buena vida, lejos de la patria natal.<\/p>\n<p style=\"text-align: justify;\">Bajo un tinglado especial, dispuesto en la misma plaza Gral. Bernardino Caballero est\u00e1n las maquinarias pesadas. El apartado se concret\u00f3 en el a\u00f1o 2002 y ahora protege del sol y la lluvia a un trapiche de madera que era de Egon Schneider, elementos del primer aserradero a vapor, instalado en 1919 por la familia Perger, calderas, carros y una trilladora.<\/p>\n<p style=\"text-align: justify;\"><a href=\"http:\/\/mullerhotel.com\/home\/index.php\/que-hacer\/museo-historico-de-bella-vista\/museo-de-bella-vista\" rel=\"attachment wp-att-4279\"><img loading=\"lazy\" decoding=\"async\" class=\"wp-image-4279 aligncenter\" src=\"http:\/\/mullerhotel.com\/home\/wp-content\/uploads\/2016\/02\/museo-de-bella-vista-300x200.jpg\" alt=\"museo-de-bella-vista\" width=\"504\" height=\"336\" srcset=\"https:\/\/mullerhotel.com\/home\/wp-content\/uploads\/2016\/02\/museo-de-bella-vista-300x200.jpg 300w, https:\/\/mullerhotel.com\/home\/wp-content\/uploads\/2016\/02\/museo-de-bella-vista-768x512.jpg 768w, https:\/\/mullerhotel.com\/home\/wp-content\/uploads\/2016\/02\/museo-de-bella-vista.jpg 1024w\" sizes=\"auto, (max-width: 504px) 100vw, 504px\" \/><\/a><\/p>\n","protected":false},"excerpt":{"rendered":"<p>El Museo Hist\u00f3rico de Bella Vista se inaugur\u00f3 el 12 de octubre de 1993, en coincidencia con el 75 aniversario de fundaci\u00f3n de la localidad ubicada en el departamento de Itap\u00faa. Ocupa el viejo edificio municipal construido en 1964, en medio de la plaza Gral. Bernardino Caballero, donde hay dos bloques auxiliares m\u00e1s. Distribuida en&#8230; <\/p>\n<div class=\"clear\"><\/div>\n<p><a href=\"https:\/\/mullerhotel.com\/home\/que-hacer\/museo-historico-de-bella-vista\/\" class=\"excerpt-read-more\">Continue Reading<i class=\"fa fa-long-arrow-right icon-long-arrow-right\"><\/i><\/a><\/p>\n","protected":false},"author":1,"featured_media":0,"parent":4242,"menu_order":0,"comment_status":"closed","ping_status":"closed","template":"","meta":{"footnotes":""},"class_list":["post-4277","page","type-page","status-publish","hentry"],"_links":{"self":[{"href":"https:\/\/mullerhotel.com\/home\/wp-json\/wp\/v2\/pages\/4277","targetHints":{"allow":["GET"]}}],"collection":[{"href":"https:\/\/mullerhotel.com\/home\/wp-json\/wp\/v2\/pages"}],"about":[{"href":"https:\/\/mullerhotel.com\/home\/wp-json\/wp\/v2\/types\/page"}],"author":[{"embeddable":true,"href":"https:\/\/mullerhotel.com\/home\/wp-json\/wp\/v2\/users\/1"}],"replies":[{"embeddable":true,"href":"https:\/\/mullerhotel.com\/home\/wp-json\/wp\/v2\/comments?post=4277"}],"version-history":[{"count":5,"href":"https:\/\/mullerhotel.com\/home\/wp-json\/wp\/v2\/pages\/4277\/revisions"}],"predecessor-version":[{"id":4287,"href":"https:\/\/mullerhotel.com\/home\/wp-json\/wp\/v2\/pages\/4277\/revisions\/4287"}],"up":[{"embeddable":true,"href":"https:\/\/mullerhotel.com\/home\/wp-json\/wp\/v2\/pages\/4242"}],"wp:attachment":[{"href":"https:\/\/mullerhotel.com\/home\/wp-json\/wp\/v2\/media?parent=4277"}],"curies":[{"name":"wp","href":"https:\/\/api.w.org\/{rel}","templated":true}]}}

Museo Histórico de Bella Vista

<p style="text-align: justify;">El Museo Histórico de Bella Vista se inauguró el 12 de octubre de 1993, en coincidencia con el 75 aniversario de fundación de la localidad ubicada en el departamento de Itapúa. Ocupa el viejo edificio municipal construido en 1964, en medio de la plaza Gral. Bernardino Caballero, donde hay dos bloques auxiliares más.</p>
<p style="text-align: justify;">Distribuida en tres salas principales y dos bloques auxiliares, una colección de cerca de 600 objetos recuerda los primeros tiempos de Bella Vista. Son piezas que pertenecieron a los colonos alemanes y europeos pioneros; están sus elementos de trabajo, sus utensilios de cocina y algunos muebles.</p>
<p style="text-align: justify;">Ya en la entrada, recepción de visitantes, se aprecian antiguas fotografías que eternizan acciones vividas. Se ve a personas cazando tigres, paseando sobre caballos y en poses sociales. En otro album aparece la casa de Nicolás Schneider.</p>
<p style="text-align: justify;">En la primera sala, en pulcro orden, están colocadas las series de radio receptores, vitrolas, lámparas del ayer; un proyector del primer cine que se habilitó en Bella Vista en el año 1962; un órgano y un piano. Una biblia de 1780 escrita en alemán es la pieza más admirada por su antigüedad y elevado significado espiritual. Un atractivo lote de relojes de cucú y cuadros de insectos de estudios científicos, mariposas, cuelgan en las paredes, donde también se puede ver los retratos de Erdmann Fischer y José Bohn, alemanes que fundaron la colonia de Bella Vista en el año 1918. Además, ocupa su lugar el primer televisor que llegó a la localidad: pantalla en blanco y negro y funcionaba a batería. No faltan las cámaras fotográficas y máquinas de coser. En un mueble de época, convertido en vitrina, se guardan los instrumentos médicos utilizados por Rosalía Storrer, una partera que arribó en 1929 e hizo nacer a 3.000 niños en la zona.</p>
<p style="text-align: justify;">En la segunda sala están acondicionados los utensilios de cocina: una variedad de cafeteras, distintos tipos de calentadores a alcohol y querosén, molinillos de café, planchas a carbón, cristalería, pailas, ollas de hierro, mantequeras y cubiertos. No pasan inadvertidos dos elementos que permiten entender parte de la evolución tecnológica: una licuadora que funcionaba a manivela y una exprimidora de frutas hecha artesanalmente en madera. Hay, además, juegos de vajillas y de té de loza pintadas a mano que algunas señoras atesoraban porque pertenecieron a sus abuelas.</p>
<p style="text-align: justify;">La tercera sala está ambientada como un dormitorio de 1900. Expone un juego de toilette, una centenaria cama de metal que se trajo del Brasil, cubierta con sábanas y colchas alemanas bordadas. También una cuna de madera con su colchón de chala de maíz y un artístico vestido de bautismo de 1920. Y desde sus retratos, Emilie Valz y August Schneider observan a los visitantes.</p>
<p style="text-align: justify;">En una dependencia auxiliar, de arquitectura circular, terminada en 1996, ubica objetos históricos de mayor tamaño. Ahí está la primera moto de marca Puch que vino de Austria en 1920 para los desplazamientos del padre Eduardo Wagner. Bajo su techo también se aprecia un sulky que data de 1925 y el primer camioncito que se trajo de Canadá y perteneció a Arturo Fischer. Testimonio del gran impulso agrícola que marcó las primeras décadas del siglo XX es el tractor con cubiertas de hierro, Ford Motor Company, modelo 1929 que era del señor Pablo Perger.</p>
<p style="text-align: justify;">Los enormes baúles de los inmigrantes recuerdan la época de los viajes interminables, de cuando dejaron Europa para aventurarse por tierras americanas e instalarse en zona de Itapúa.</p>
<p style="text-align: justify;">Una báscula de hierro de origen europeo, una incubadora para pollitos que funcionaba a alcohol y una batea de madera de una sola pieza de 1949 son elementos que atestiguan la gran laboriosidad de la gente que se afincó en Bella Vista. Machetes, palas, azadas, sierras y la sembradora mecánica de maíz y granos que Rumilda Shutz utilizaba en los años 30, indican que hombres y mujeres por igual unieron fuerzas para desarrollar la comunidad. Y los grandes botellones y damajuanas de vino revelan que la producción hecha en casas particulares servía para no privarse de la buena vida, lejos de la patria natal.</p>
<p style="text-align: justify;">Bajo un tinglado especial, dispuesto en la misma plaza Gral. Bernardino Caballero están las maquinarias pesadas. El apartado se concretó en el año 2002 y ahora protege del sol y la lluvia a un trapiche de madera que era de Egon Schneider, elementos del primer aserradero a vapor, instalado en 1919 por la familia Perger, calderas, carros y una trilladora.</p>
<p style="text-align: justify;"><a href="http://mullerhotel.com/home/index.php/que-hacer/museo-historico-de-bella-vista/museo-de-bella-vista" rel="attachment wp-att-4279"><img loading="lazy" decoding="async" class="wp-image-4279 aligncenter" src="http://mullerhotel.com/home/wp-content/uploads/2016/02/museo-de-bella-vista-300x200.jpg" alt="museo-de-bella-vista" width="504" height="336" srcset="https://mullerhotel.com/home/wp-content/uploads/2016/02/museo-de-bella-vista-300x200.jpg 300w, https://mullerhotel.com/home/wp-content/uploads/2016/02/museo-de-bella-vista-768x512.jpg 768w, https://mullerhotel.com/home/wp-content/uploads/2016/02/museo-de-bella-vista.jpg 1024w" sizes="auto, (max-width: 504px) 100vw, 504px" /></a></p>

<p>El Museo Histórico de Bella Vista se inauguró el 12 de octubre de 1993, en coincidencia con el 75 aniversario de fundación de la localidad ubicada en el departamento de Itapúa. Ocupa el viejo edificio municipal construido en 1964, en medio de la plaza Gral. Bernardino Caballero, donde hay dos bloques auxiliares más. Distribuida en&#8230; </p>
<div class="clear"></div>
<p><a href="https://mullerhotel.com/home/que-hacer/museo-historico-de-bella-vista/" class="excerpt-read-more">Continue Reading<i class="fa fa-long-arrow-right icon-long-arrow-right"></i></a></p>
