{"id":4298,"date":"2016-02-03T12:49:05","date_gmt":"2016-02-03T12:49:05","guid":{"rendered":"http:\/\/mullerhotel.com\/home\/?page_id=4298"},"modified":"2016-02-05T14:18:16","modified_gmt":"2016-02-05T17:18:16","slug":"centro-historico-cultura-edwin-krug","status":"publish","type":"page","link":"https:\/\/mullerhotel.com\/home\/que-hacer\/centro-historico-cultura-edwin-krug\/","title":{"rendered":"Centro Hist\u00f3rico Cultural Edwin Krug"},"content":{"rendered":"<p style=\"text-align: justify;\">El Centro Hist\u00f3rico Cultural Edwin Krug de Hohenau es un lugar en donde nuestra historia prevalece. En el a\u00f1o 2000 fue donada al Municipio por la familia del Se\u00f1or Rolando Krug, para que el mismo haga de ella\u00a0 lo que es hoy d\u00eda, un centro de: estudios(danza, canto, idiomas), reuniones, capacitaciones, visitas y por sobre todo un centro para rememorar tiempos pasados, \u00e9pocas que viven fervientemente, con la conservaci\u00f3n de antiguos utensilios de nuestra gente, expuestos en el Museo adaptado al lugar.<\/p>\n<p style=\"text-align: justify;\">El Museo de Hohenau, bajo administraci\u00f3n de la Municipalidad, funciona en el segundo nivel del edificio del Centro Hist\u00f3rico Cultural Edwin Krug. Cuenta con tres espacios y el recorrido se inicia por el Sal\u00f3n Paz del Chaco, que contiene una galer\u00eda de fotograf\u00edas de soldados combatientes oriundos de la localidad. Se ven con el uniforme verde olivo al cabo 1 Ricardo Kuchemeister, al sargento 1\u00ba Mart\u00edn Hananm y a Joaqu\u00edn Kegler. Hay dos fusiles, uniformes militares actuales, una m\u00e1quina de escribir y las banderas tricolor y municipal. En una vitrina se guardan dos espadas y un largavistas.<\/p>\n<p style=\"text-align: justify;\">Al ingresar al amplio sal\u00f3n principal, el visitante tiene a la vista gran cantidad de objetos que se relacionan con la historia de la colonia de alemanes, iniciada en 1900. Un estante contiene serie de jarras de vidrio, losas, tazas de t\u00e9 y una jarra enlosada que perteneci\u00f3 a Elisa Richter de Dietze. Llama la atenci\u00f3n una ba\u00f1era enlosada para beb\u00e9.<\/p>\n<p><a href=\"http:\/\/mullerhotel.com\/home\/wp-content\/uploads\/2016\/02\/Centro-Historico-Cultural-de-Hohenau-1-abc-color-portalguarani.jpg\" rel=\"attachment wp-att-4304\"><img loading=\"lazy\" decoding=\"async\" class=\"aligncenter wp-image-4304\" src=\"http:\/\/mullerhotel.com\/home\/wp-content\/uploads\/2016\/02\/Centro-Historico-Cultural-de-Hohenau-1-abc-color-portalguarani-300x182.jpg\" alt=\"Centro-Historico-Cultural-de-Hohenau-1-abc-color-portalguarani\" width=\"424\" height=\"257\" srcset=\"https:\/\/mullerhotel.com\/home\/wp-content\/uploads\/2016\/02\/Centro-Historico-Cultural-de-Hohenau-1-abc-color-portalguarani-300x182.jpg 300w, https:\/\/mullerhotel.com\/home\/wp-content\/uploads\/2016\/02\/Centro-Historico-Cultural-de-Hohenau-1-abc-color-portalguarani.jpg 550w\" sizes=\"auto, (max-width: 424px) 100vw, 424px\" \/><\/a><\/p>\n<p style=\"text-align: justify;\">Un lote de aparatosos radioreceptores, tocadiscos port\u00e1tiles, m\u00e1quinas de escribir, molinos de granos y de caf\u00e9, planchas de hierro a carb\u00f3n, l\u00e1mparas a queros\u00e9n, ollas y pavas de hierro dejan al descubierto el confort hogare\u00f1os que disfrutaban los pioneros.<\/p>\n<p>Las horas vividas en el lejano paraje de Itap\u00faa fueron marcadas por un reloj de pared de 1921 que era de Leopoldo Dietze y otro de 1950 que perteneci\u00f3 a Ervin Diesel. No faltan los libros en idioma alem\u00e1n, valijas de cueros de largos viajes y fotograf\u00edas familiares. Una vista tomada en 1939 recuerda la existencia de la Pensi\u00f3n Germ\u00e1nica, de la se\u00f1ora Pieck.<\/p>\n<p>Una cama de hierro con su colch\u00f3n de chala de ma\u00edz, un ba\u00fal y un par de zapatos de los colonos se relacionan con los usos y costumbre de la \u00e9poca inicial. La unidad familiar est\u00e1 testimoniada con una corona, un pa\u00f1uelo y un velo de novia que luci\u00f3 Ana Buttner en el d\u00eda de su casamiento con Julio Ritcher, en el a\u00f1o 1890.<\/p>\n<p><a href=\"http:\/\/mullerhotel.com\/home\/wp-content\/uploads\/2016\/02\/Centro-Historico-Cultural-de-Hohenau-2-abc-color-portalguarani.jpg\" rel=\"attachment wp-att-4307\"><img loading=\"lazy\" decoding=\"async\" class=\"aligncenter wp-image-4307\" src=\"http:\/\/mullerhotel.com\/home\/wp-content\/uploads\/2016\/02\/Centro-Historico-Cultural-de-Hohenau-2-abc-color-portalguarani-300x175.jpg\" alt=\"Centro-Historico-Cultural-de-Hohenau-2-abc-color-portalguarani\" width=\"446\" height=\"260\" srcset=\"https:\/\/mullerhotel.com\/home\/wp-content\/uploads\/2016\/02\/Centro-Historico-Cultural-de-Hohenau-2-abc-color-portalguarani-300x175.jpg 300w, https:\/\/mullerhotel.com\/home\/wp-content\/uploads\/2016\/02\/Centro-Historico-Cultural-de-Hohenau-2-abc-color-portalguarani.jpg 550w\" sizes=\"auto, (max-width: 446px) 100vw, 446px\" \/><\/a><\/p>\n<p style=\"text-align: justify;\">Son varias las piezas que conforman el acervo del Museo de Hohenau. Hay art\u00edsticas sillas, c\u00e1maras Polaroid, una m\u00e1quina de coser, la mesa que perteneci\u00f3 a Helma de Kegler, est\u00e1 la primera central telef\u00f3nica de 1925 que fue de Eugenio Froind y un proyector de cine de 16 mm, de la familia Richter, que en los a\u00f1os 60 permit\u00eda a los lugare\u00f1os asistir a pel\u00edculas de ficci\u00f3n y documentales.<\/p>\n<p style=\"text-align: justify;\">Descendiendo las escaleras, en un s\u00f3tano se habilita el bloque B del museo. Aqu\u00ed, en el sitio de guardar herramientas de la antigua casa Krug, se exponen elementos de uso agr\u00edcola y utensilios caseros. Se aprecian sembradoras de madera para granos, cuchillos de faena, una bomba manual de agua fabricado en Nueva York y una tronzadora de 1904 que usaba Augusto Miete. El montaje incluye una olla grande de hierro, pavas, recipientes de cer\u00e1mica de agua y una montura de caballo para uso de la mujer.<\/p>\n<p style=\"text-align: justify;\"><a href=\"http:\/\/mullerhotel.com\/home\/wp-content\/uploads\/2016\/02\/museo-hohenau-Fotografias-de-excombatientes-en-el-Salon-Paz-de-Chaco-ABC-Color-portalguarani.jpg\" rel=\"attachment wp-att-4309\"><img loading=\"lazy\" decoding=\"async\" class=\"aligncenter wp-image-4309\" src=\"http:\/\/mullerhotel.com\/home\/wp-content\/uploads\/2016\/02\/museo-hohenau-Fotografias-de-excombatientes-en-el-Salon-Paz-de-Chaco-ABC-Color-portalguarani-300x223.jpg\" alt=\"museo-hohenau-Fotografias-de-excombatientes-en-el-Salon-Paz-de-Chaco-ABC-Color-portalguarani\" width=\"456\" height=\"339\" srcset=\"https:\/\/mullerhotel.com\/home\/wp-content\/uploads\/2016\/02\/museo-hohenau-Fotografias-de-excombatientes-en-el-Salon-Paz-de-Chaco-ABC-Color-portalguarani-300x223.jpg 300w, https:\/\/mullerhotel.com\/home\/wp-content\/uploads\/2016\/02\/museo-hohenau-Fotografias-de-excombatientes-en-el-Salon-Paz-de-Chaco-ABC-Color-portalguarani.jpg 550w\" sizes=\"auto, (max-width: 456px) 100vw, 456px\" \/><\/a><\/p>\n<p style=\"text-align: center;\"><a href=\"https:\/\/www.google.com.py\/maps\/@-27.0837008,-55.6526458,17z\" onclick=\"return popitup(this.href, 500, 500);\" class=\"simple_popup_link \">Ver Centro Cultural\u00a0Edwin Krug\u00a0Google Maps<\/a><\/p>\n","protected":false},"excerpt":{"rendered":"<p>El Centro Hist\u00f3rico Cultural Edwin Krug de Hohenau es un lugar en donde nuestra historia prevalece. En el a\u00f1o 2000 fue donada al Municipio por la familia del Se\u00f1or Rolando Krug, para que el mismo haga de ella\u00a0 lo que es hoy d\u00eda, un centro de: estudios(danza, canto, idiomas), reuniones, capacitaciones, visitas y por sobre&#8230; <\/p>\n<div class=\"clear\"><\/div>\n<p><a href=\"https:\/\/mullerhotel.com\/home\/que-hacer\/centro-historico-cultura-edwin-krug\/\" class=\"excerpt-read-more\">Continue Reading<i class=\"fa fa-long-arrow-right icon-long-arrow-right\"><\/i><\/a><\/p>\n","protected":false},"author":1,"featured_media":0,"parent":4242,"menu_order":0,"comment_status":"closed","ping_status":"closed","template":"","meta":{"footnotes":""},"class_list":["post-4298","page","type-page","status-publish","hentry"],"_links":{"self":[{"href":"https:\/\/mullerhotel.com\/home\/wp-json\/wp\/v2\/pages\/4298","targetHints":{"allow":["GET"]}}],"collection":[{"href":"https:\/\/mullerhotel.com\/home\/wp-json\/wp\/v2\/pages"}],"about":[{"href":"https:\/\/mullerhotel.com\/home\/wp-json\/wp\/v2\/types\/page"}],"author":[{"embeddable":true,"href":"https:\/\/mullerhotel.com\/home\/wp-json\/wp\/v2\/users\/1"}],"replies":[{"embeddable":true,"href":"https:\/\/mullerhotel.com\/home\/wp-json\/wp\/v2\/comments?post=4298"}],"version-history":[{"count":12,"href":"https:\/\/mullerhotel.com\/home\/wp-json\/wp\/v2\/pages\/4298\/revisions"}],"predecessor-version":[{"id":4395,"href":"https:\/\/mullerhotel.com\/home\/wp-json\/wp\/v2\/pages\/4298\/revisions\/4395"}],"up":[{"embeddable":true,"href":"https:\/\/mullerhotel.com\/home\/wp-json\/wp\/v2\/pages\/4242"}],"wp:attachment":[{"href":"https:\/\/mullerhotel.com\/home\/wp-json\/wp\/v2\/media?parent=4298"}],"curies":[{"name":"wp","href":"https:\/\/api.w.org\/{rel}","templated":true}]}}

Centro Histórico Cultural Edwin Krug

<p style="text-align: justify;">El Centro Histórico Cultural Edwin Krug de Hohenau es un lugar en donde nuestra historia prevalece. En el año 2000 fue donada al Municipio por la familia del Señor Rolando Krug, para que el mismo haga de ella  lo que es hoy día, un centro de: estudios(danza, canto, idiomas), reuniones, capacitaciones, visitas y por sobre todo un centro para rememorar tiempos pasados, épocas que viven fervientemente, con la conservación de antiguos utensilios de nuestra gente, expuestos en el Museo adaptado al lugar.</p>
<p style="text-align: justify;">El Museo de Hohenau, bajo administración de la Municipalidad, funciona en el segundo nivel del edificio del Centro Histórico Cultural Edwin Krug. Cuenta con tres espacios y el recorrido se inicia por el Salón Paz del Chaco, que contiene una galería de fotografías de soldados combatientes oriundos de la localidad. Se ven con el uniforme verde olivo al cabo 1 Ricardo Kuchemeister, al sargento 1º Martín Hananm y a Joaquín Kegler. Hay dos fusiles, uniformes militares actuales, una máquina de escribir y las banderas tricolor y municipal. En una vitrina se guardan dos espadas y un largavistas.</p>
<p style="text-align: justify;">Al ingresar al amplio salón principal, el visitante tiene a la vista gran cantidad de objetos que se relacionan con la historia de la colonia de alemanes, iniciada en 1900. Un estante contiene serie de jarras de vidrio, losas, tazas de té y una jarra enlosada que perteneció a Elisa Richter de Dietze. Llama la atención una bañera enlosada para bebé.</p>
<p><a href="http://mullerhotel.com/home/wp-content/uploads/2016/02/Centro-Historico-Cultural-de-Hohenau-1-abc-color-portalguarani.jpg" rel="attachment wp-att-4304"><img loading="lazy" decoding="async" class="aligncenter wp-image-4304" src="http://mullerhotel.com/home/wp-content/uploads/2016/02/Centro-Historico-Cultural-de-Hohenau-1-abc-color-portalguarani-300x182.jpg" alt="Centro-Historico-Cultural-de-Hohenau-1-abc-color-portalguarani" width="424" height="257" srcset="https://mullerhotel.com/home/wp-content/uploads/2016/02/Centro-Historico-Cultural-de-Hohenau-1-abc-color-portalguarani-300x182.jpg 300w, https://mullerhotel.com/home/wp-content/uploads/2016/02/Centro-Historico-Cultural-de-Hohenau-1-abc-color-portalguarani.jpg 550w" sizes="auto, (max-width: 424px) 100vw, 424px" /></a></p>
<p style="text-align: justify;">Un lote de aparatosos radioreceptores, tocadiscos portátiles, máquinas de escribir, molinos de granos y de café, planchas de hierro a carbón, lámparas a querosén, ollas y pavas de hierro dejan al descubierto el confort hogareños que disfrutaban los pioneros.</p>
<p>Las horas vividas en el lejano paraje de Itapúa fueron marcadas por un reloj de pared de 1921 que era de Leopoldo Dietze y otro de 1950 que perteneció a Ervin Diesel. No faltan los libros en idioma alemán, valijas de cueros de largos viajes y fotografías familiares. Una vista tomada en 1939 recuerda la existencia de la Pensión Germánica, de la señora Pieck.</p>
<p>Una cama de hierro con su colchón de chala de maíz, un baúl y un par de zapatos de los colonos se relacionan con los usos y costumbre de la época inicial. La unidad familiar está testimoniada con una corona, un pañuelo y un velo de novia que lució Ana Buttner en el día de su casamiento con Julio Ritcher, en el año 1890.</p>
<p><a href="http://mullerhotel.com/home/wp-content/uploads/2016/02/Centro-Historico-Cultural-de-Hohenau-2-abc-color-portalguarani.jpg" rel="attachment wp-att-4307"><img loading="lazy" decoding="async" class="aligncenter wp-image-4307" src="http://mullerhotel.com/home/wp-content/uploads/2016/02/Centro-Historico-Cultural-de-Hohenau-2-abc-color-portalguarani-300x175.jpg" alt="Centro-Historico-Cultural-de-Hohenau-2-abc-color-portalguarani" width="446" height="260" srcset="https://mullerhotel.com/home/wp-content/uploads/2016/02/Centro-Historico-Cultural-de-Hohenau-2-abc-color-portalguarani-300x175.jpg 300w, https://mullerhotel.com/home/wp-content/uploads/2016/02/Centro-Historico-Cultural-de-Hohenau-2-abc-color-portalguarani.jpg 550w" sizes="auto, (max-width: 446px) 100vw, 446px" /></a></p>
<p style="text-align: justify;">Son varias las piezas que conforman el acervo del Museo de Hohenau. Hay artísticas sillas, cámaras Polaroid, una máquina de coser, la mesa que perteneció a Helma de Kegler, está la primera central telefónica de 1925 que fue de Eugenio Froind y un proyector de cine de 16 mm, de la familia Richter, que en los años 60 permitía a los lugareños asistir a películas de ficción y documentales.</p>
<p style="text-align: justify;">Descendiendo las escaleras, en un sótano se habilita el bloque B del museo. Aquí, en el sitio de guardar herramientas de la antigua casa Krug, se exponen elementos de uso agrícola y utensilios caseros. Se aprecian sembradoras de madera para granos, cuchillos de faena, una bomba manual de agua fabricado en Nueva York y una tronzadora de 1904 que usaba Augusto Miete. El montaje incluye una olla grande de hierro, pavas, recipientes de cerámica de agua y una montura de caballo para uso de la mujer.</p>
<p style="text-align: justify;"><a href="http://mullerhotel.com/home/wp-content/uploads/2016/02/museo-hohenau-Fotografias-de-excombatientes-en-el-Salon-Paz-de-Chaco-ABC-Color-portalguarani.jpg" rel="attachment wp-att-4309"><img loading="lazy" decoding="async" class="aligncenter wp-image-4309" src="http://mullerhotel.com/home/wp-content/uploads/2016/02/museo-hohenau-Fotografias-de-excombatientes-en-el-Salon-Paz-de-Chaco-ABC-Color-portalguarani-300x223.jpg" alt="museo-hohenau-Fotografias-de-excombatientes-en-el-Salon-Paz-de-Chaco-ABC-Color-portalguarani" width="456" height="339" srcset="https://mullerhotel.com/home/wp-content/uploads/2016/02/museo-hohenau-Fotografias-de-excombatientes-en-el-Salon-Paz-de-Chaco-ABC-Color-portalguarani-300x223.jpg 300w, https://mullerhotel.com/home/wp-content/uploads/2016/02/museo-hohenau-Fotografias-de-excombatientes-en-el-Salon-Paz-de-Chaco-ABC-Color-portalguarani.jpg 550w" sizes="auto, (max-width: 456px) 100vw, 456px" /></a></p>
<p style="text-align: center;"><a href="https://www.google.com.py/maps/@-27.0837008,-55.6526458,17z" onclick="return popitup(this.href, 500, 500);" class="simple_popup_link ">Ver Centro Cultural Edwin Krug Google Maps</a></p>

<p>El Centro Histórico Cultural Edwin Krug de Hohenau es un lugar en donde nuestra historia prevalece. En el año 2000 fue donada al Municipio por la familia del Señor Rolando Krug, para que el mismo haga de ella  lo que es hoy día, un centro de: estudios(danza, canto, idiomas), reuniones, capacitaciones, visitas y por sobre&#8230; </p>
<div class="clear"></div>
<p><a href="https://mullerhotel.com/home/que-hacer/centro-historico-cultura-edwin-krug/" class="excerpt-read-more">Continue Reading<i class="fa fa-long-arrow-right icon-long-arrow-right"></i></a></p>
